d by s?
25
Let x be (-4)/(4/2) + 26. Let f = 23 + x. Calculate the remainder when f is divided by 12.
11
Let n(m) = -5*m - 2. Suppose 4*d = -15*d + 703. Calculate the remainder when d is divided by n(-3).
11
Let r = -8 - 17. Let y = -15 - r. Calculate the remainder when (-2)/(-2) + 0 + 27 is divided by y.
8
Suppose 5*t + 307 + 108 = 0. Let u(m) = 2*m**2 - 9*m - 27. Let n be u(11). Let o = t + n. Calculate the remainder when o is divided by 17.
16
Let r(p) = 2*p - 2. Calculate the remainder when r(3) is divided by 2.
0
Let o be -40*((-9)/6 + 1). Let g = o + -12. What is the remainder when -2*(-1 + 2) - -15 is divided by g?
5
Suppose -2*v + 5 + 1 = 0. Let w(x) = -2*x**v + 2*x**2 + 5*x**3 + 24*x**3 - 4 + 3. Calculate the remainder when w(1) is divided by 10.
8
Suppose -2*c = -6*c + 76. Calculate the remainder when c is divided by (2/(-3))/(12/(-198)).
8
Let z be (-56)/(-10) - (-6)/15. Let n = 9 - z. Let k(h) = h**3 - 2*h**2 - h - 2. Calculate the remainder when 11 is divided by k(n).
3
Let v(a) = -a**3 - 5*a**2 - 7*a - 4. Let f(m) = m + 8. Let i be f(-7). Suppose -t + i = 5. What is the remainder when 15 is divided by v(t)?
7
Let d = 25 + -20. Calculate the remainder when d is divided by 4.
1
Let a(x) = x**3 - 4*x**2 - 6*x + 7. Let s be (28/(-6) + 2)*-3. Calculate the remainder when 22/s - 15/20 is divided by a(5).
0
Calculate the remainder when (1336/12)/((-2)/9*-3) is divided by 28.
27
Calculate the remainder when ((-12)/(-18))/((-1)/3) + 53 is divided by 13.
12
Let q(d) = -d**2 + 10*d - 6*d + 5 - 3*d**3 + 0*d. Suppose 5*n = -2*c + 30, -5*n + 5*c = -0*n - 30. Calculate the remainder when q(-2) is divided by n.
5
Let k be 1 - (0 + -2) - 1. Suppose 4*r + k*z - 44 = -z, -55 = -5*r - 2*z. Calculate the remainder when (-5 + -1)/(2/(-10)) is divided by r.
8
Let d = 5 + -10. Let q = d + 7. Calculate the remainder when -2 + (-3)/(-6)*8 is divided by q.
0
Let u(f) = -14*f - 13. Suppose -13 + 37 = -3*b. What is the remainder when u(b) is divided by 25?
24
Suppose 0 = -4*u + 5*j + 1 + 16, 0 = 2*u + 5*j - 31. Suppose -5*w + 67 = -o + 3*o, 3*w - 36 = 3*o. Calculate the remainder when w is divided by u.
5
Suppose q + 39 = 2*q. What is the remainder when q is divided by 10?
9
Let f(i) = -2*i**3 - 6*i - 3. What is the remainder when f(-3) is divided by 35?
34
Suppose 4*p + 8*z - 27 = 3*z, -3*p - 4*z + 19 = 0. What is the remainder when p is divided by 3?
1
Let l = 166 + -137. What is the remainder when l is divided by 8?
5
Let t be ((-10)/15)/(1/3). Suppose 0 = -u - 0*u + 4. Calculate the remainder when (t - (-2)/2)*-11 is divided by u.
3
Suppose 10*i - 80 - 50 = 0. What is the remainder when 36 is divided by i?
10
Calculate the remainder when 195/9 + (-5)/3 is divided by 7.
6
Let n = 17 + 79. Suppose -3*d = -4*q + n, 4*q - 5*d = 13 + 91. Calculate the remainder when 61 is divided by q.
19
Suppose 7*u - 32 = 87. Suppose 0 = 5*y + 2*x - 31, -5*y + 2*x = 6*x - 37. Calculate the remainder when u is divided by y.
2
Let f(t) = -4*t - 3. Let n be f(-2). Suppose -3*d + 5*w + 20 = 0, -1 = -d - n*w + w. Suppose -d*j + 23 = -52. What is the remainder when 27 is divided by j?
12
Let s(q) = q**2 + q - 5. Let l(o) = o**2 + 2*o - 6. Let f(a) = 4*l(a) - 3*s(a). Calculate the remainder when 19 is divided by f(-7).
4
What is the remainder when 91 is divided by (-3 + 6/3)/((-3)/72)?
19
Let u(p) = -25*p. Calculate the remainder when 98 is divided by u(-1).
23
Suppose 2*q - 2*f = 3*q - 24, 0 = 4*q + 3*f - 76. Calculate the remainder when 31 is divided by q.
15
Suppose -6*w = -2*w - 48. Suppose 2*d = 4*x + d - 4, 5*x - 5 = -d. Let l(t) = 8*t**3 - 2*t**2 + 1. Calculate the remainder when w is divided by l(x).
5
Suppose 5*d = -3*n + 28, 4 - 3 = -d. What is the remainder when (-5)/1 - 825/(-33) is divided by n?
9
Let f(i) = i**2 - 4*i - 3. Let a(p) = -p - 3. Let h be a(0). Let m = 8 + h. What is the remainder when 2 is divided by f(m)?
0
Suppose -40 - 140 = -6*o. Calculate the remainder when o is divided by 8.
6
Let y = 103 - 77. What is the remainder when 152 is divided by y?
22
Let z(m) = -m**3 + 6*m**2 - 5*m + 7. Suppose 3*g + 9 - 36 = 3*i, 5*i = 4*g - 40. Calculate the remainder when 4 + (-6 - 1) - -22*1 is divided by z(g).
5
Let g(q) = q**2 + 5*q + 4. Suppose -2*w = w - 33. Suppose 4*j + 9 = -w. What is the remainder when 7 is divided by g(j)?
3
Let v(n) be the first derivative of -1 + 3*n - 2*n**2 + 1/3*n**3. Calculate the remainder when 43 is divided by v(6).
13
Let o(r) = -r**3 + 5*r**2 - 2*r + 6. Let l be o(5). Calculate the remainder when 2 is divided by ((-2)/l)/((-2)/(-4)).
0
Suppose -2*b + 4*r + 106 = 0, 2*r - 30 = -b + 39. Suppose 0 = 5*m - 59 - b. What is the remainder when 46 is divided by m?
22
Let p(x) = 5*x + 5. Let o = -1 - 0. Let i = 3 + o. Calculate the remainder when p(0) is divided by i.
1
Suppose -32 = -2*l - 132. Let u = -4 - l. Calculate the remainder when u is divided by 16.
14
Let q(s) = -2*s**2 + 4*s + 7. Let d(b) = -b**2 + 3*b + 6. Let i(n) = 3*d(n) - 2*q(n). Calculate the remainder when 18 is divided by i(-3).
8
Let m = 113 + -68. Let o = -24 + m. Let w(s) = -s**3 - 5*s**2 + 4*s - 1. What is the remainder when o is divided by w(-6)?
10
Suppose 2*d + 8 = -2. What is the remainder when 33 is divided by (-43)/d + 2/5?
6
Let p = -13 - -58. Suppose -4*a + 58 = -3*z - 21, -2*z = a - 6. What is the remainder when p is divided by a?
13
Suppose 3*r + 0*r = 4*j - 12, -5*j + 34 = r. What is the remainder when 11 is divided by j?
5
Suppose -u + 42 = d - 6*u, 0 = 3*d - 5*u - 76. Calculate the remainder when 32 is divided by d.
15
Let n = -28 - -38. What is the remainder when 37 is divided by n?
7
Suppose -5*u = -4*i + 36, -2*u - 3*u = -2*i + 28. Suppose i*r = 4*o + 48 + 12, 3*o - 15 = -3*r. Calculate the remainder when 18 is divided by r.
8
Suppose -8 = -4*j, -l + 0*j - 3*j + 47 = 0. Let i = 36 + -22. What is the remainder when l is divided by i?
13
Suppose -6*g + 8 = -2*g. Let s = 2 + g. Calculate the remainder when 10 is divided by s.
2
Let l = -12 + -43. Let j = l + 81. Let m = 31 - 17. What is the remainder when j is divided by m?
12
Suppose o + 3*o + 180 = 0. Let i = -8 + 16. What is the remainder when o/(-2) + 1/(-2) is divided by i?
6
Let t(a) = -2*a - 1. Let c be t(-10). Suppose 0 = 3*w - 0*w + 6. Let x = c + w. Calculate the remainder when 65 is divided by x.
14
Let m(a) = -8*a + 2. Let w be m(7). Let q = 96 + w. Calculate the remainder when q is divided by 11.
9
Let s(c) = -2*c + 3. Let z = 1 - 5. Suppose -h = 2*v - 5*v + 61, 2*h - 87 = -5*v. Calculate the remainder when v is divided by s(z).
8
Let i(b) = -3*b. What is the remainder when -3 - (-23 + -2) - -1 is divided by i(-4)?
11
Let t = 129 + -94. Calculate the remainder when 209 is divided by t.
34
Let y = -132 + 190. Let q be 10*-1*9/(-6). Suppose 4*b = 65 + q. What is the remainder when y is divided by b?
18
Suppose o - 25 = -1. Let w = o - -18. What is the remainder when w is divided by 22?
20
Suppose 2*k = -z - 3*z + 16, 2*z - 56 = -4*k. What is the remainder when 44 is divided by k?
12
Suppose 4*s + 8 = -0*s. What is the remainder when (-146)/(-6) + s/6 is divided by 13?
11
Suppose -c = a + 4*c - 45, -2*c - 220 = -3*a. What is the remainder when a is divided by 24?
22
Let u = -29 + 66. Let z(t) = -t + 19. Calculate the remainder when u is divided by z(0).
18
Let q(h) = -h**2 + 9*h - 7. Calculate the remainder when q(7) is divided by 4.
3
Let y = 38 - 33. Calculate the remainder when 27 is divided by y.
2
What is the remainder when 5*252/15*6/12 is divided by 9?
6
Let f = -30 + 44. Calculate the remainder when 55 is divided by f.
13
Suppose 4*f = f - 21. Let c(g) = -4*g + 7. Calculate the remainder when c(f) is divided by 0 + 17 - (-1 + -1 + 1).
17
Let o(m) = -m**2 - 4*m + 2. Let r be o(-5). Let l = r - -16. What is the remainder when l is divided by (-1 + 16)*2/6?
3
Suppose -3*c = -113 + 11. Suppose -5*n + 35 = o - 0*o, -3*n + c = -2*o. What is the remainder when 29 is divided by n?
5
Let w = -16 - -25. What is the remainder when 15 is divided by w?
6
Let w = 52 + -37. What is the remainder when w is divided by (1/4)/((-8)/(-128))?
3
Suppose 0 = 3*d - 0*d - 66. Let r = 52 - -12. Calculate the remainder when r is divided by d.
20
Let j be (-5)/4*(-7 - -3). Suppose -4*r - 76 = -j*d, 0 = r - 0 